-141
Let l(r) = -2*r - 8. What is l(2)?
-12
Let u(r) = -r**3 + 2*r**2 + 53*r + 10. What is u(0)?
10
Let m(v) = -3*v**3 - 98*v**2 + 29*v - 84. Give m(-33).
48
Let h(k) = k**3 + 12*k**2 + 29*k - 15. What is h(-8)?
9
Let j(b) = b**3 - 89*b**2 + 258*b + 97. What is j(86)?
97
Let l(q) = -8*q**2 + 202*q - 610. What is l(3)?
-76
Let w(l) = l**3 - 68*l**2 - 441*l - 450. Determine w(74).
-228
Let q(a) = -a**2 - 124*a + 781. Calculate q(6).
1
Let f(t) = 2*t**3 - 9*t**2 - 29*t + 50. What is f(11)?
1304
Let g(z) = -244*z + 5792. What is g(24)?
-64
Let b(c) = -c**2 - 79*c + 1162. What is b(-91)?
70
Let r(n) = -n**2 - 55*n + 916. Determine r(13).
32
Let y(k) = 91*k - 1408. Give y(15).
-43
Let m(f) = -f**3 - 24*f**2 + 21*f - 80. Give m(-25).
20
Let t(f) = -f + 32. Give t(36).
-4
Let g(h) = -h**2 + 6*h - 165. Determine g(9).
-192
Let t(s) = -s**3 + 5*s**2 - 34*s + 234. Calculate t(6).
-6
Let t(a) = 44*a + 390. Calculate t(-9).
-6
Let b(y) = y**2 + 120*y + 1850. Calculate b(-18).
14
Let g(r) = -17*r**3 - 85*r**2 + 19*r + 57. What is g(-5)?
-38
Let n(b) = 2*b**2 - 109*b + 770. Determine n(46).
-12
Let o(y) = 2*y**2 + 44*y - 316. Determine o(6).
20
Let m(z) = -11*z**3 + 1902*z**2 + 168*z + 863. Give m(173).
-2
Let k(v) = v**3 - 106*v**2 - 116*v + 981. Determine k(107).
18
Let s(x) = -3*x + 87. Determine s(-8).
111
Let s(k) = 253*k**2 + 4*k + 2. What is s(-1)?
251
Let a(o) = -o**2 + 31*o - 120. Give a(18).
114
Let t(k) = 123*k**2 - 7258*k + 53. Calculate t(59).
-6
Let z(p) = -807*p - 11359. Determine z(-14).
-61
Let t(d) = 120*d**3 - 1912*d**2 - 132*d + 64. Determine t(16).
0
Let m(s) = 210*s - 3985. Give m(19).
5
Let f(g) = -g**3 - 24*g**2 + 342*g - 22. Determine f(10).
-2
Let y(s) = -3*s**2 + 68*s - 497. Give y(9).
-128
Let w(u) = u**2 - 4*u - 5. Calculate w(2).
-9
Let d(o) = 68*o**2 + 408*o - 3. Calculate d(-6).
-3
Let v(h) = -66*h + 1018. Determine v(15).
28
Let i(q) = -4*q**3 - q**2 - 16*q - 30. Give i(0).
-30
Let q(h) = 844*h + 839. What is q(-1)?
-5
Let x(m) = m**2 - 15*m - 26. Calculate x(15).
-26
Let b(h) = h**3 + 59*h**2 - 385*h + 325. Calculate b(-65).
0
Let p(c) = -c**3 - 2*c**2 + c - 128. Give p(9).
-1010
Let b(i) = i**3 - 21*i**2 - 279*i + 277. Calculate b(30).
7
Let y(v) = v**3 - 7*v**2 - 54*v - 46. Calculate y(11).
-156
Let a(c) = -649*c + 66194. What is a(102)?
-4
Let r(f) = f**3 - 17*f**2 - 340*f - 236. What is r(29)?
-4
Let j(x) = -x**3 - 79*x**2 - 1402*x + 55. Determine j(-27).
1
Let w(u) = 9*u**2 + 1433*u + 5596. Determine w(-4).
8
Let h(c) = c**3 + 21*c**2 - 96*c + 30. What is h(-25)?
-70
Let m(c) = c**3 - 30*c**2 + 15*c + 156. Calculate m(30).
606
Let l(a) = 170*a + 17701. What is l(-104)?
21
Let p(n) = n**3 - 36*n**2 + 243*n + 3. Calculate p(27).
3
Let i(g) = 120*g - 1428. Give i(12).
12
Let r(t) = -57*t + 1359. Determine r(22).
105
Let b(m) = 3*m**2 - 45*m - 6. Give b(14).
-48
Let c(z) = 11*z**2 - 445*z + 208. What is c(40)?
8
Let x(l) = 2*l**3 + 6*l**2 - 17*l + 2. Determine x(2).
8
Let t(h) = h**3 - 49*h**2 + 181*h - 22. Calculate t(45).
23
Let q(a) = -51*a**3 + 45*a**2 - 94*a + 2. What is q(2)?
-414
Let h(a) = -814*a + 2436. Calculate h(3).
-6
Let k(t) = -101*t + 1815. What is k(18)?
-3
Let k(l) = -2*l**3 - 78*l**2 + 3*l - 3075. Calculate k(-40).
5
Let t(c) = c**2 - 37*c - 2961. Determine t(-39).
3
Let y(h) = 3*h**3 + 38*h**2 + 55*h + 33. Determine y(-11).
33
Let d(x) = 7*x**2 - 43*x - 2. Calculate d(6).
-8
Let p(z) = 158*z**2 + 8*z + 11. Calculate p(-1).
161
Let b(r) = -3*r**3 + 12*r**2 - 28*r + 6. Give b(6).
-378
Let o(m) = -8*m - 196. Give o(-26).
12
Let y(f) = 151*f + 766. Determine y(-5).
11
Let b(d) = -10*d + 103. Calculate b(17).
-67
Let x(o) = -120*o - 368. Give x(-3).
-8
Let v(b) = -29*b**3 + 4*b**2 + 9*b + 7. What is v(-2)?
237
Let c(s) = -1303*s - 162876. What is c(-125)?
-1
Let q(f) = -20*f + 1073. Calculate q(5).
973
Let r(l) = -l**3 + 69*l**2 - 129*l - 339. Give r(67).
-4
Let i(j) = 7368*j + 125254. Calculate i(-17).
-2
Let g(f) = 14*f**2 + f + 657. Give g(0).
657
Let h(r) = 3*r**3 + 62*r**2 - 26*r + 4. Calculate h(-21).
109
Let x(n) = -4*n**2 + 28*n - 2. What is x(7)?
-2
Let q(z) = -3*z**3 + 61*z**2 - 22*z + 95. Give q(20).
55
Let j(u) = -12*u**2 - 127*u + 9. What is j(-10)?
79
Let w(j) = 2*j**2 + 207*j + 96. Calculate w(-103).
-7
Let j(l) = 27*l**2 + 105*l + 2. Determine j(-4).
14
Let g(v) = 9*v. Calculate g(-5).
-45
Let u(s) = -428*s - 52621. Calculate u(-123).
23
Let g(x) = 27*x + 12. What is g(11)?
309
Let h(b) = -299*b + 14. Calculate h(0).
14
Let g(q) = 88*q - 683. What is g(8)?
21
Let o(v) = 10*v - 137. What is o(11)?
-27
Let x(l) = -113*l - 2478. Calculate x(-22).
8
Let m(o) = -2*o**2 + 571*o - 4973. Give m(9).
4
Let q(d) = -4*d**2 + 38*d - 81. Calculate q(4).
7
Let g(t) = -13*t - 48. Determine g(10).
-178
Let n(y) = 2*y**2 - 6*y - 8. Determine n(3).
-8
Let a(f) = 2*f**2 + 35*f - 2412. Give a(27).
-9
Let q(m) = m**2 - 42*m + 516. Calculate q(22).
76
Let n(z) = 11*z - 386. Give n(39).
43
Let x(y) = y**3 + 40*y**2 + 103*y + 181. What is x(-37)?
477
Let r(i) = -9*i**2 + 637*i + 25. What is r(71)?
-117
Let k(w) = -2*w**3 - 6*w**2 - 12*w - 8. Calculate k(-3).
28
Let a(c) = 131*c + 715. Give a(-6).
-71
Let r(z) = -168*z + 22515. Determine r(134).
3
Let t(k) = 556*k - 2763. What is t(5)?
17
Let v(n) = 3*n**2 + 8*n - 331. Calculate v(-20).
709
Let j(o) = -o**3 + 34*o**2 + 65*o + 250. Determine j(36).
-2
Let l(g) = 24*g**2 - 45*g - 99. Determine l(4).
105
Let b(o) = o**3 - 22*o**2 - 54*o + 731. What is b(23)?
18
Let y(b) = b**2 + 144*b - 3637. Determine y(22).
15
Let h(z) = -3*z**2 + 32*z - 47. Give h(10).
-27
Let k(b) = 17*b**2 + 40*b - 37. Calculate k(1).
20
Let y(d) = -3093*d + 105165. Determine y(34).
3
Let p(j) = -2*j**3 + 50*j**2 + 9*j - 206. What is p(25)?
19
Let d(g) = g**2 - 34*g - 578. Calculate d(-17).
289
Let j(b) = -7*b**3 - 1140*b**2 + 163*b - 11. Calculate j(-163).
-11
Let a(m) = m**2 + m - 15. Calculate a(-12).
117
Let o(y) = 202*y - 51510. What is o(255)?
0
Let q(p) = -p**3 - 8*p**2 - 35*p - 142. What is q(-5)?
-42
Let g(j) = -41*j**2 + 85*j. What is g(2)?
6
Let w(q) = q**3 + 10*q**2 - 28*q - 3. Determine w(2).
-11
Let r(m) = m**3 + 15*m**2 + 11*m - 106. Determine r(-14).
-64
Let u(q) = 4*q**2 - 231*q - 799. Give u(61).
-6
Let r(q) = -15*q**2 - 8*q - 6. What is r(-1)?
-13
Let a(u) = 206*u + 44. What is a(2)?
456
Let d(r) = 84*r + 1008. Calculate d(-12).
0
Let x(a) = a**2 + 469*a - 12871. What is x(26)?
-1
Let t(n) = -409*n + 5739. What is t(14)?
13
Let w(l) = 15*l**2 - 885*l + 34. What is w(59)?
34
Let n(b) = -3*b**2 - 101*b + 482. Determine n(-38).
-12
Let d(g) = 115*g + 21. What is d(0)?
21
Let b(h) = -648*h**2 - 5846*h - 119. Calculate b(-9).
7
Let c(o) = -876*o - 13120. Give c(-15).
20
Let u(k) = 3*k**3 + 61*k**2 - 2248*k + 120. Calculate u(19).
6
Let z(s) = 626*s - 289835. What is z(463)?
3
Let n(x) = -2*x**2 + 56*x + 1059. Determine n(-13).
-7
Let u(y) = y**2 + 29*y - 97. Give u(-23).
-235
Let i(r) = -25*r**2 - 176*r - 43. Give i(-7).
-36
Let v(u) = -6*u**3 + 3*u**2 + 2*u + 1. What is v(-3)?
184
Let l(f) = -10*f**2 - 1409*f + 8968. Determine l(-147).
1
Let i(m) = -364*m + 2177. Determine i(6).
-7
Let d(o) = -o**2 + 15*o + 56. Give d(17).
22
Let n(v) = -2*v**3 - 12*v**2 + 8*v - 9. Determine n(-7).
33
Let d(n) = 74*n + 45. Calculate d(0).
45
Let s(y) = 2*y**2 - 35*y + 168. Give s(5).
43
Let i(x) = -2*x**2 - 1748*x + 10542. Calculate i(6).
-18
Let s(r) = r**3 + 10*r**2 - 10*r + 22. Determine s(-11).
11
Let h(g) = -3*g**2 - 93*g - 77. Give h(-27).
247
Let z(g) = g**2 - 4222*g + 58915. Give z(14).
3
Let d(l) = -32*l + 1166. Calculate d(37).
-18
Let t(o) = o**3 - 66*o**2 - 125*o - 738. Determine t(68).
10
Let t(k) = 53*k - 520. Determine t(6).
-202
Let j(z) = z**3 + 31*z**2 + 85*z + 808. What is j(-29)?
25
Let s(l) = 2*l**3 + 2*l**2 - 21*l + 94. Give s(8).
1078
Let q(v) = v**2 - 416*v + 3647. Calculate q(9).
-16
Let a(m) = -m**2 + 108*m + 11976. Give a(-68).
8
Let f(m) = -136*m**2 + 79*m - 77. Calculate f(1).
-134
Let a(g) = g**2 + 185*g + 1085. What is a(-6)?
11
Let r(i) = 16*i - 81. Calculate r(5).
-1
Let p(a) = -163*a + 1791. What is p(12)?
-165
Let f(t) = 3*t**3 + 250*t**2 - 171*t - 235. Calculate f(-84).
17
Let d(l) = l**2 - 96*l + 865. Determine d(10).
5
Let o(v) = 3349*v + 221044. Determine o(-